{"id":21,"date":"2024-11-05T13:40:41","date_gmt":"2024-11-05T13:40:41","guid":{"rendered":"https:\/\/www.proex.ufpb.br\/nuppo\/?page_id=21"},"modified":"2025-02-08T18:57:29","modified_gmt":"2025-02-08T18:57:29","slug":"quem-somos","status":"publish","type":"page","link":"https:\/\/www.proex.ufpb.br\/nuppo\/quem-somos\/","title":{"rendered":"Quem somos?"},"content":{"rendered":"\n<p><\/p>\n\n\n\n<p>O N\u00facleo de Pesquisa e Documenta\u00e7\u00e3o da Cultura Popular (NUPPO) da Universidade Federal da Para\u00edba \u00e9\u00a0\u00a0um espa\u00e7o com um rico acervo de cultura popular regional e nacional e entende que a cultura \u00e9 um dos elementos que contribui na identidade de um povo. Criado em 1978, foi um dos primeiros espa\u00e7os especializados em Cultura Popular na Para\u00edba. Surgiu como Superintend\u00eancia de Artesanato (SUDART), que era um espa\u00e7o de documenta\u00e7\u00e3o voltado para o artesanato. <\/p>\n\n\n\n<p>Com o crescimento da Universidade, o espa\u00e7o transformou-se no NUPPO, que abarca \u00a0a biblioteca Altimar Pimentel e o Programa de Pesquisa em Literatura Popular (PPLP), e o Museu da Cultura Popular que conta com uma cole\u00e7\u00e3o de pe\u00e7as de cer\u00e2mica, brinquedos, gravuras, ex-votos e artefatos da cultura ind\u00edgena, al\u00e9m de um grande acervo audiovisual.<\/p>\n\n\n\n<p>O NUPPO, com o intuito de valoriza\u00e7\u00e3o da cultura popular atrav\u00e9s da divulga\u00e7\u00e3o, promove diversos eventos de visita\u00e7\u00f5es e exposi\u00e7\u00f5es dentro do museu. Atrav\u00e9s das visita\u00e7\u00f5es \u00e9 poss\u00edvel conhecer o extenso acervo, tanto iconogr\u00e1fico como bibliogr\u00e1fico, do N\u00facleo. Al\u00e9m disso, por meio das exposi\u00e7\u00f5es h\u00e1 a democratiza\u00e7\u00e3o de diversas obras populares, al\u00e9m do conhecimento acerca dos artistas e suas diversas produ\u00e7\u00f5es. Por interm\u00e9dio das a\u00e7\u00f5es do NUPPO muitos artistas podem divulgar seu trabalho e o acervo de obras populares torna-se mais acess\u00edvel e conhecido pela popula\u00e7\u00e3o e seus diversos p\u00fablicos.<\/p>\n\n\n\n<p>Um elemento muito importante da cultura popular \u00e9 a Literatura de Cordel. Com isso, o NUPPO, atrav\u00e9s dos projetos de extens\u00e3o ligados a ele, realiza rodas de leituras de diversos folhetos de cordel. Essas a\u00e7\u00f5es de leitura podem ocorrer tanto dentro quanto fora do museu e possui o objetivo de levar essa arte para o os p\u00fablicos mais diversos poss\u00edveis. <\/p>\n\n\n\n<p>Sendo assim, o N\u00facleo valoriza a performance e a oralidade como forma de promo\u00e7\u00e3o da arte, al\u00e9m de considerar a pluralidade de linguagens e as diversas formas de manifesta\u00e7\u00e3o art\u00edstica.Ademais, o museu tamb\u00e9m est\u00e1 ativamente presente nas redes sociais: Instagram, Facebook e YouTube. Atrav\u00e9s das m\u00eddias digitais \u00e9 poss\u00edvel divulgar o acervo com v\u00eddeos e imagens do museu, al\u00e9m de performances gravadas de cord\u00e9is presentes no N\u00facleo, atingindo, dessa maneira, um p\u00fablico cada vez mais plural. <\/p>\n\n\n\n<p>Al\u00e9m dessa promo\u00e7\u00e3o, \u00e9 realizado tamb\u00e9m o contato com diversos artistas para que eles possam conhecer o museu e contar suas hist\u00f3rias e produ\u00e7\u00f5es por meio do NUPPO.&nbsp;<\/p>\n","protected":false},"excerpt":{"rendered":"<p>Lorem Ipsum is simply dummy text of the printing and typesetting industry. Lorem Ipsum has been the industry&#8217;s standard dummy text ever since the 1500s, when an unknown printer took a galley of type and scrambled it to make a type specimen book. It has survived not only five centuries, but also the leap into electronic typesetting, remaining essentially unchanged. It was popularised in the 1960s with the release of Letraset sheets containing Lorem Ipsum passages, and more recently with desktop publishing software like Aldus PageMaker including versions of Lorem Ipsum.<\/p>\n","protected":false},"author":47,"featured_media":8,"parent":0,"menu_order":0,"comment_status":"closed","ping_status":"closed","template":"","meta":{"footnotes":""},"class_list":["post-21","page","type-page","status-publish","has-post-thumbnail","hentry"],"_links":{"self":[{"href":"https:\/\/www.proex.ufpb.br\/nuppo\/wp-json\/wp\/v2\/pages\/21","targetHints":{"allow":["GET"]}}],"collection":[{"href":"https:\/\/www.proex.ufpb.br\/nuppo\/wp-json\/wp\/v2\/pages"}],"about":[{"href":"https:\/\/www.proex.ufpb.br\/nuppo\/wp-json\/wp\/v2\/types\/page"}],"author":[{"embeddable":true,"href":"https:\/\/www.proex.ufpb.br\/nuppo\/wp-json\/wp\/v2\/users\/47"}],"replies":[{"embeddable":true,"href":"https:\/\/www.proex.ufpb.br\/nuppo\/wp-json\/wp\/v2\/comments?post=21"}],"version-history":[{"count":5,"href":"https:\/\/www.proex.ufpb.br\/nuppo\/wp-json\/wp\/v2\/pages\/21\/revisions"}],"predecessor-version":[{"id":75,"href":"https:\/\/www.proex.ufpb.br\/nuppo\/wp-json\/wp\/v2\/pages\/21\/revisions\/75"}],"wp:featuredmedia":[{"embeddable":true,"href":"https:\/\/www.proex.ufpb.br\/nuppo\/wp-json\/wp\/v2\/media\/8"}],"wp:attachment":[{"href":"https:\/\/www.proex.ufpb.br\/nuppo\/wp-json\/wp\/v2\/media?parent=21"}],"curies":[{"name":"wp","href":"https:\/\/api.w.org\/{rel}","templated":true}]}}