{"id":27,"date":"2024-11-05T13:41:43","date_gmt":"2024-11-05T13:41:43","guid":{"rendered":"https:\/\/www.proex.ufpb.br\/nuppo\/?page_id=27"},"modified":"2025-02-08T18:58:07","modified_gmt":"2025-02-08T18:58:07","slug":"acervo","status":"publish","type":"page","link":"https:\/\/www.proex.ufpb.br\/nuppo\/acervo\/","title":{"rendered":"Acervo"},"content":{"rendered":"\n<p>O acervo do NUPPO possui trabalhos feitos por v\u00e1rios artistas e intelectuais brasileiros. Entre as principais obras, podemos citar: Tota e Maria dos Bichos, uma cole\u00e7\u00e3o de ex-votos, folhetos de cordel, livros, manuscritos, audiovisuais com entrevistas com poetas, brincantes, pe\u00e7as de cer\u00e2mica, xilogravuras e artefatos da cultura ind\u00edgena.<\/p>\n\n\n\n<p>&nbsp;&nbsp;No NUPPO, acervo e pesquisa s\u00e3o indissoci\u00e1veis. As pesquisas s\u00e3o desenvolvidas em \u00e1reas tem\u00e1ticas como Literatura, Artes, Etnografia, M\u00fasica, Hist\u00f3ria, Geografia, Antropologia, e Sociologia. A biblioteca Altimar Pimentel e o acervo do PPLP oferecem aos pesquisadores da \u00e1rea uma vasta bibliografia especializada nas manifesta\u00e7\u00f5es culturais populares.<\/p>\n","protected":false},"excerpt":{"rendered":"<p>O acervo do NUPPO possui trabalhos feitos por v\u00e1rios artistas e intelectuais brasileiros. Entre as principais obras, podemos citar: Tota e Maria dos Bichos, uma cole\u00e7\u00e3o de ex-votos, folhetos de cordel, livros, manuscritos, audiovisuais com entrevistas com poetas, brincantes, pe\u00e7as de cer\u00e2mica, xilogravuras e artefatos da cultura ind\u00edgena. &nbsp;&nbsp;No NUPPO, acervo e pesquisa s\u00e3o indissoci\u00e1veis. [&hellip;]<\/p>\n","protected":false},"author":47,"featured_media":0,"parent":0,"menu_order":0,"comment_status":"closed","ping_status":"closed","template":"","meta":{"footnotes":""},"class_list":["post-27","page","type-page","status-publish","hentry"],"_links":{"self":[{"href":"https:\/\/www.proex.ufpb.br\/nuppo\/wp-json\/wp\/v2\/pages\/27","targetHints":{"allow":["GET"]}}],"collection":[{"href":"https:\/\/www.proex.ufpb.br\/nuppo\/wp-json\/wp\/v2\/pages"}],"about":[{"href":"https:\/\/www.proex.ufpb.br\/nuppo\/wp-json\/wp\/v2\/types\/page"}],"author":[{"embeddable":true,"href":"https:\/\/www.proex.ufpb.br\/nuppo\/wp-json\/wp\/v2\/users\/47"}],"replies":[{"embeddable":true,"href":"https:\/\/www.proex.ufpb.br\/nuppo\/wp-json\/wp\/v2\/comments?post=27"}],"version-history":[{"count":2,"href":"https:\/\/www.proex.ufpb.br\/nuppo\/wp-json\/wp\/v2\/pages\/27\/revisions"}],"predecessor-version":[{"id":76,"href":"https:\/\/www.proex.ufpb.br\/nuppo\/wp-json\/wp\/v2\/pages\/27\/revisions\/76"}],"wp:attachment":[{"href":"https:\/\/www.proex.ufpb.br\/nuppo\/wp-json\/wp\/v2\/media?parent=27"}],"curies":[{"name":"wp","href":"https:\/\/api.w.org\/{rel}","templated":true}]}}